se 0 = 5*o - 5*i - 46 - 19, a*i = -2*o + 33. Let y(g) = -g**2 + 34*g + 11. What is the remainder when y(o) is divided by 42?
39
Let h = 70 - -10. Let s = 3044 - 2979. Calculate the remainder when h is divided by s.
15
Let w = 42 - 39. Suppose w*m + 2*m + 65 = 0. Let f = -10 - m. What is the remainder when 16 is divided by f?
1
Let m be 2940/(-84)*(-27)/5. Let a = 865 + m. Calculate the remainder when a is divided by 48.
46
Let f(z) = -z**3 - 2*z**2 - 3*z + 2. Let g be f(-3). Let q be (2/(-1))/(g/70). Calculate the remainder when 57 is divided by (-996)/(-84) - 1/q.
9
Let a = -2 + -13. Let i(q) = q**2 + 4*q - 8. What is the remainder when i(a) is divided by 54?
49
Let b = -1147 - -1268. Calculate the remainder when b is divided by 35.
16
Suppose 0 = -46*j + 49*j - 48. What is the remainder when (-7 - (-52)/8)/((-2)/172) is divided by j?
11
Suppose 3*j - u + 2 = 105, 4*j - 4*u - 140 = 0. Calculate the remainder when 707 is divided by j.
27
Let l(d) = d**3 + 13*d**2 + 18*d + 8. What is the remainder when 354 is divided by l(-11)?
42
Let q(k) = -k**3 + 26*k**2 + k - 20. Let t be q(26). What is the remainder when 236 is divided by 3/t*-1*-68?
32
Let r(i) = -5*i - 53. Let c be r(-11). Suppose 0 = c*g + z - 39, 1 = 5*z - 4. What is the remainder when g is divided by 16?
3
Let u = 4860 + -4824. What is the remainder when 565 is divided by u?
25
Suppose 0 = 3*n - 4*d - 19, 86*n + 3*d + 15 = 89*n. Let i(o) = -3 + 5*o + 4 + 7. Calculate the remainder when 36 is divided by i(n).
10
Suppose -22*t + 257 = -491. Calculate the remainder when 2819 is divided by t.
31
Let f(r) = 21*r**2 + 456*r + 2714. Calculate the remainder when f(-6) is divided by 145.
9
Calculate the remainder when 1126 is divided by 176 - (11 + -6 - 17).
186
Let t = 5316 - 3199. Calculate the remainder when t is divided by 54.
11
Suppose s = 2*k + 9, 3*s - 4*k - 27 + 2 = 0. Suppose -2*v = -s*v + 355. Calculate the remainder when v is divided by ((-999)/(-18))/(33 - (-693)/(-22)).
34
Let b(u) = -2*u + 81. Let l be b(13). Suppose 0 = 2*i + 10, -37 = -2*p - l*i + 54*i. Calculate the remainder when p is divided by 8.
5
What is the remainder when 732 is divided by 946/4 - 7/(-4)*42/(-49)?
27
Let b be ((-150)/225)/((-1)/3 + 1). Calculate the remainder when 24 is divided by (-3 + b)*(3 - (-8 + 13)).
0
Let x = 3422 - 3278. Calculate the remainder when 378 is divided by x.
90
Suppose -12*j - 78*j = -38160. Calculate the remainder when j is divided by 66.
28
Let y = 66 - -70. Let g = y + -77. What is the remainder when 350 is divided by g?
55
Suppose 177 = 6*t - 33. Suppose 0 = 5*g - t + 5. What is the remainder when 22 is divided by g?
4
Suppose -v = -f + 9, 19*v = 15*v - f - 11. Calculate the remainder when 97 is divided by 13 - (2/v)/(3/6).
13
Let y = 26204 - 25753. Calculate the remainder when y is divided by 194.
63
Suppose 0 = -4*q - 5*d + 151, 5*q + d - 39 = 4*q. Suppose 2*v + y - 175 = 0, -v - 64 = 4*y - 169. What is the remainder when v is divided by q?
41
Let h = 52 - 35. Let t = -25 - -14. What is the remainder when (t/(-1)*3)/1 is divided by h?
16
Suppose 0 = -2*s + 4*q + 284, -162 = -s + 50*q - 53*q. Calculate the remainder when 160 is divided by s.
10
Let k(z) = -z**3 + 7*z**2 + 2*z - 12. Let p be k(7). Suppose 3*n + p*n - 310 = 0. Let x(m) = m + 11. Calculate the remainder when n is divided by x(10).
20
Let j be (-400)/(-22) + (-2)/11. Let x be (-516)/j*(-42)/4. Suppose 6*g + 25 - x = 0. Calculate the remainder when 90 is divided by g.
44
Let o = 568 + -728. Calculate the remainder when 27 is divided by (5/10)/((-5)/o).
11
Let n(h) = 19*h**2 - 128*h + 250. Calculate the remainder when 270 is divided by n(2).
60
Suppose -u - 3*u + 3*s + 73 = 0, 7 = u + 3*s. Let a(h) = -219*h**3 - 7*h**2 - 8*h. What is the remainder when a(-1) is divided by u?
12
Suppose 4*p + p - 10 = 3*o, 2*o + 6 = 3*p. Suppose 4*x - 19 = -o*u + 3*u, 0 = -x - 5*u - 24. Calculate the remainder when ((-45)/60)/(x/36*-1) is divided by 10.
7
Let y be (-6 + 1 + -1)/(-3). Suppose -5*k + 29 = 3*c, 25*k - 23*k = y*c - 30. What is the remainder when c is divided by 8?
5
Let f = -45 + 92. Let o be (160/3)/(8/24). Let m = o - 71. Calculate the remainder when m is divided by f.
42
Suppose -5*a + 28 = -82. Suppose -a*m + 383 = -607. What is the remainder when m is divided by 9?
0
Let u = -257 + -97. Let r = 418 + u. What is the remainder when 186 is divided by r?
58
Suppose 193*c + 165*c = 11456. What is the remainder when (-4)/14 - (-2452)/7 is divided by c?
30
Let z(f) = -f**3 - 2*f + 4 + f**3 + f**3 + 6*f**2. Let v = 30385 - 30301. Calculate the remainder when v is divided by z(-4).
40
Let v = -158 + 142. Let q = v + 20. What is the remainder when 4 is divided by q?
0
Suppose 0 = 34*k - 41*k + 483. What is the remainder when 151 is divided by k?
13
Let r(s) = -s + 81. Let m = -29 - -47. What is the remainder when r(m) is divided by 16?
15
Suppose -5*n = -5*p, 2*p = p - 5*n + 24. Let s(r) = -183*r**3 + 23*r + 23. What is the remainder when s(-1) is divided by p?
3
Let c = 322 + -532. Let w = 361 + c. What is the remainder when w is divided by 52?
47
Let m(n) = 22*n - 50*n + 1 + 12 + 0 + n**2. What is the remainder when 49 is divided by m(28)?
10
Calculate the remainder when (4/(-3))/((-40)/13860) is divided by 61.
35
Let g = -14 + 5. Let l(v) = -v**2 - 6*v - 8. Let p(w) = -3*w**2 - 18*w - 23. Let x(r) = 17*l(r) - 6*p(r). What is the remainder when 115 is divided by x(g)?
28
Let w(s) = -1. Let d(t) = 7*t + 116. Let n(j) = -d(j) - 6*w(j). What is the remainder when ((-3)/(-9))/(2/246) is divided by n(-17)?
5
Let t(a) = -49*a + 462. Calculate the remainder when 533 is divided by t(8).
43
Suppose 1016 - 896 = r. What is the remainder when 494 is divided by r?
14
Let y(i) = -12*i + 25. Let v = -69 + 74. Suppose v*d = q - 34, 3*q = d + 5*q - 2. What is the remainder when y(d) is divided by 11?
9
Let c = -105 + 243. Suppose 16 = 14*m - c. What is the remainder when 85 is divided by m?
8
Let m(u) = -24*u**3 - u**2 + 2*u + 2. Suppose -23 - 22 = -15*q. Suppose g - 152 = -5*h, 2*h = h + q. What is the remainder when g is divided by m(-1)?
22
Let r = -15948 - -16359. What is the remainder when r is divided by 150?
111
Suppose -2*n + 10 = 0, 4*n - 49 - 43 = 4*g. Let y(p) = -10 - 3*p + 3*p - p. What is the remainder when y(g) is divided by 7?
1
Suppose -5*k = 4*k - 18. Suppose k*z = -133 - 69. Let h = 112 + z. What is the remainder when 32 is divided by h?
10
Suppose 0 = 7*k - 3*k + 184. Suppose 0 = -140*j + 726 + 2214. Calculate the remainder when j is divided by 2/(-4) - k/4.
10
Let p(g) = -g**2 + 9*g + 7999. Let l = 0 + 0. Calculate the remainder when p(-85) is divided by l - -1 - (1 - 2).
1
Let y(f) = -f**2 - 98*f - 2217. What is the remainder when 172 is divided by y(-62)?
7
Suppose -212*i - 71*i + 4811 = 0. What is the remainder when 19311 is divided by i?
16
Let t be (-230)/(-50) - (-2)/5. Suppose -t*s + 2*b = b - 141, 3*b + 59 = 2*s. What is the remainder when 45 is divided by (2 - 5/2) + 238/s?
5
Let g(h) = -104*h + 637. What is the remainder when g(5) is divided by 6?
3
Let s(z) = -z**2 + 19*z - 40. Let n be ((-9)/6)/((-33)/(-44)). Calculate the remainder when (-84)/n*8/3 is divided by s(13).
36
Suppose 0 = 5*q, -5*q + 3*q = -b + 54. Let p = -1402 - -1430. Calculate the remainder when b is divided by p.
26
Suppose 282 = -5*z + 4*q, 8*z - 4*z + 238 = -3*q. Let v = 72 + z. What is the remainder when v is divided by 12?
2
Let w be ((-72)/(-24))/((-3)/(-10)). Let k = 15 - w. Calculate the remainder when k is divided by 3.
2
Suppose -4*h + 4*v + 179 = 131, -4*h - 2*v = -12. Calculate the remainder when 973 is divided by h.
1
Let h = 9061 - 8749. What is the remainder when h is divided by 44?
4
Let y = 287 - 260. Suppose 5*b = -5*c + 1100, -4*c - 2*b = 3*b - 880. Suppose 3*s - 616 = -c. Calculate the remainder when s is divided by y.
24
Let k(s) = s**3 + 36*s**2 - 40*s + 232. What is the remainder when 957 is divided by k(-37)?
271
Let x(r) = -4*r**2 + 91*r + 188. What is the remainder when 1116 is divided by x(0)?
176
Let w = 12 + 12. Let r(g) = 225*g - 47. Let u be r(2). Let k = u - 332. What is the remainder when k is divided by w?
23
Suppose -3*r + 826 - 454 = 0. Calculate the remainder when 3218 is divided by r.
118
What is the 